5)?
-11
Let t(c) = -13*c + 664. Calculate t(44).
92
Let n(f) = 1917*f + 235787. Give n(-123).
-4
Let c(u) = 2*u**3 + 9*u**2 + 383*u + 1126. Determine c(-3).
4
Let r(p) = 2*p**2 + 73*p + 373. Give r(-31).
32
Let c(n) = 509*n - 3097. Determine c(5).
-552
Let u(k) = 840*k + 127694. What is u(-152)?
14
Let q(y) = -2*y + 149. Give q(14).
121
Let h(s) = 20*s**2 + 1213*s - 436. Determine h(-61).
-9
Let x(b) = -75*b - 10496. Give x(-140).
4
Let g(z) = -2151*z - 4206. Give g(-2).
96
Let m(o) = 4*o**2 - 42*o - 28. What is m(10)?
-48
Let y(g) = g**3 + 61*g**2 + 194*g + 1162. What is y(-58)?
2
Let j(k) = -k**3 + 10*k**2 - 12*k + 3. Determine j(8).
35
Let m(a) = -15*a**2 + 530*a + 2142. What is m(39)?
-3
Let b(h) = h**2 - 85*h - 7916. What is b(141)?
-20
Let m(l) = l**3 - 29*l**2 - 116*l - 424. Calculate m(33).
104
Let g(c) = 243*c + 9276. Calculate g(-38).
42
Let p(c) = -c**3 - 35*c**2 + 188*c + 58. What is p(5)?
-2
Let p(h) = -h**3 + 7*h**2 - 6*h + 35. What is p(6)?
35
Let k(i) = -3*i**2 - 108*i + 179. Calculate k(-38).
-49
Let b(m) = -3*m**2 - 157*m + 236. Give b(-54).
-34
Let y(a) = 399*a - 4020. Calculate y(10).
-30
Let d(b) = -b**3 - 15*b**2 - 53*b - 69. What is d(-11)?
30
Let u(r) = -238*r**2 - r - 2. What is u(-1)?
-239
Let o(k) = -80*k - 1666. Calculate o(-21).
14
Let o(c) = 8*c - 168. Give o(23).
16
Let q(p) = -48*p - 111. Give q(-1).
-63
Let l(m) = 29*m + 109. What is l(4)?
225
Let r(x) = -137*x + 2453. Give r(18).
-13
Let t(j) = -2*j**3 + 44*j**2 - 7*j + 47. Calculate t(22).
-107
Let o(c) = c**3 + 43*c**2 - 146*c - 397. What is o(-46)?
-29
Let r(b) = 3*b**2 + 30*b + 27. Give r(-9).
0
Let p(z) = 57*z + 3366. Calculate p(-59).
3
Let t(c) = 1503*c + 7513. Calculate t(-5).
-2
Let g(d) = 996*d + 274904. Give g(-276).
8
Let b(q) = 10*q + 571. Give b(-56).
11
Let x(u) = 73*u + 1019. Give x(-14).
-3
Let r(a) = -63*a**3 - 9*a**2 + 5*a + 2. Give r(1).
-65
Let d(s) = -16*s - 64. Determine d(-10).
96
Let w(k) = 5*k - 101. What is w(18)?
-11
Let i(z) = -3896*z + 12. What is i(0)?
12
Let p(x) = x**2 + 113*x + 2603. Give p(-81).
11
Let w(j) = -3*j + 133. Calculate w(27).
52
Let x(u) = -121*u + 6768. Give x(56).
-8
Let l(q) = 12*q**2 - 478*q - 65. Calculate l(40).
15
Let j(r) = -20*r + 270. Give j(17).
-70
Let z(k) = 8*k**2 + 288*k - 116. What is z(-36)?
-116
Let b(u) = -56*u + 195. What is b(4)?
-29
Let b(z) = -16*z - 262. Calculate b(-14).
-38
Let m(q) = q**3 + 4*q**2 - 32*q - 76. Give m(-6).
44
Let z(n) = 3*n + 35. What is z(-61)?
-148
Let n(q) = 4*q + 76. What is n(-13)?
24
Let g(v) = -12*v - 98. Give g(4).
-146
Let v(p) = -28*p**2 - 153*p + 5. Determine v(-4).
169
Let x(v) = 34*v**2 - 1456*v - 251. What is x(43)?
7
Let f(k) = k**3 + 10*k**2 + 26*k + 394. Give f(-11).
-13
Let d(y) = 2*y**3 - 29*y**2 - 19*y - 303. Give d(16).
161
Let p(b) = 8*b**2 + 157*b - 40. Calculate p(-20).
20
Let s(z) = -z**3 - 26*z**2 - 154*z - 1. Give s(-17).
16
Let o(b) = -b**3 - 126*b**2 - 368*b + 90. Give o(-123).
-33
Let m(p) = -19*p + 125. Give m(6).
11
Let n(c) = 3*c**2 + 421*c - 4525. Give n(10).
-15
Let g(k) = 8*k**2 - 5*k - 11. Determine g(-2).
31
Let y(a) = -49*a - 4884. Give y(-96).
-180
Let t(z) = 90*z**2 - 3151*z + 70. Calculate t(35).
35
Let w(r) = -13*r**2 - 1392*r - 112. What is w(-107)?
-5
Let s(h) = -9*h**2 - 131*h - 25. Determine s(-14).
45
Let s(u) = 44*u + 325. Calculate s(-8).
-27
Let l(n) = -8*n**3 + 33*n**2 - 51*n + 196. Give l(4).
8
Let p(j) = 2*j**2 + 19*j + 41. Calculate p(-7).
6
Let k(s) = 2*s**3 + 112*s**2 + 206*s - 533. Determine k(-54).
7
Let h(l) = l**3 - 15*l**2 + 57*l - 3144. Give h(20).
-4
Let n(j) = 368*j + 31273. Calculate n(-85).
-7
Let b(g) = -27*g + 420. Calculate b(8).
204
Let s(a) = -19*a - 2805. Calculate s(-151).
64
Let k(z) = z + 75. Determine k(-24).
51
Let d(l) = 5*l**2 - 27*l + 77. What is d(3)?
41
Let g(j) = 640*j**2 - 1925*j - 5. Determine g(3).
-20
Let b(o) = 8*o**2 + 173*o - 246. What is b(-23)?
7
Let b(t) = t**2 - 25*t - 73. What is b(29)?
43
Let z(b) = -954*b - 3011. Give z(-3).
-149
Let a(h) = -3*h**3 + 6*h**2 - 47*h + 208. Determine a(4).
-76
Let t(i) = 29*i + 974. What is t(-27)?
191
Let u(w) = -87*w - 8243. Determine u(-96).
109
Let f(b) = -15*b**2 + 501*b - 118. Calculate f(33).
80
Let o(m) = -m**3 - 9*m**2 - 20*m - 16. Calculate o(-7).
26
Let m(u) = u**3 + 16*u**2 + 9*u + 32. Calculate m(-16).
-112
Let s(j) = -62*j + 5581. What is s(90)?
1
Let q(j) = -435*j - 440. Give q(-2).
430
Let u(g) = -g**3 - 99*g**2 + 860*g + 427. Give u(-107).
-1
Let o(c) = -1366*c - 65. Give o(0).
-65
Let p(b) = -2145*b + 15002. Calculate p(7).
-13
Let g(r) = 4*r**3 + 34*r**2 + 17*r - 1. What is g(-8)?
-9
Let a(v) = v**2 + 208*v + 1047. Give a(-5).
32
Let o(t) = -t**3 - 15*t**2 + 138*t - 335. What is o(-22)?
17
Let y(j) = -13*j + 351. Determine y(25).
26
Let k(v) = -v**3 + 22*v**2 + 58*v - 63. What is k(24)?
177
Let m(a) = -a**3 - 5*a**2 + 500*a - 10. Determine m(20).
-10
Let f(k) = 6*k - 202. What is f(30)?
-22
Let j(q) = -11*q**3 + 6*q**2 + q - 20. What is j(3)?
-260
Let c(k) = 2*k**2 + 42*k - 223. Give c(5).
37
Let u(i) = i**2 + 25*i + 23. Determine u(-19).
-91
Let c(r) = -11*r + 234. Give c(22).
-8
Let v(h) = -4*h**2 - 1256*h - 2499. Determine v(-312).
-3
Let r(s) = 94*s - 169. What is r(4)?
207
Let f(d) = d**3 - 11*d**2 - 142*d + 11. Give f(-8).
-69
Let x(l) = 2267*l + 2251. Determine x(-1).
-16
Let k(j) = -29*j - 899. What is k(-22)?
-261
Let c(y) = 215*y + 660. Give c(-3).
15
Let p(x) = 5*x + 46. Determine p(-1).
41
Let f(v) = -8*v - 254. Give f(-16).
-126
Let k(z) = -35*z**3 + z**2 - 2*z - 2. What is k(-1)?
36
Let g(b) = -b**2 + 3*b + 19. What is g(-12)?
-161
Let v(o) = 141*o + 10851. Determine v(-77).
-6
Let t(o) = -8728*o - 174567. Give t(-20).
-7
Let k(i) = -i**3 + i**2 - 10*i - 12. Determine k(7).
-376
Let w(h) = 7*h**3 + 7*h**2 - 6*h + 7. Calculate w(3).
241
Let q(v) = -2*v**3 + 26*v**2 - 25*v - 8. What is q(12)?
-20
Let z(p) = 20*p**3 + 4*p**2 + 8*p + 3. What is z(-1)?
-21
Let m(o) = 3*o**2 + 50*o + 129. What is m(-20)?
329
Let w(z) = -4*z**2 - 184*z + 1747. Calculate w(8).
19
Let s(g) = 8*g**2 + 11*g. What is s(3)?
105
Let z(f) = -2*f**2 + 49*f + 69. What is z(25)?
44
Let x(o) = -81*o - 178. Calculate x(-2).
-16
Let j(i) = -7*i**2 + 59*i + 186. Give j(11).
-12
Let k(d) = d**3 + 7*d**2 + 84*d + 419. Calculate k(-5).
49
Let t(r) = r**3 - r + 526. Determine t(0).
526
Let h(f) = -f**3 - 15*f**2 + 16*f - 143. Give h(-17).
163
Let n(l) = l**3 - 4*l**2 - 3*l - 15. Give n(5).
-5
Let b(q) = -10*q**3 + 26*q**2 + 5*q + 2. Determine b(4).
-202
Let q(u) = -u**3 - 8*u**2 + 12*u + 27. Give q(-9).
0
Let k(i) = -21*i**2 + 4*i + 3. Determine k(-1).
-22
Let n(i) = 7*i**2 - 130*i + 11. Determine n(19).
68
Let u(s) = s**3 + 44*s**2 - 52*s - 291. Determine u(-45).
24
Let o(x) = -562*x - 2119. Calculate o(-4).
129
Let y(p) = -99*p - 456. What is y(-8)?
336
Let y(i) = -677*i + 19645. Calculate y(29).
12
Let c(w) = -w**3 + 3*w + 21. What is c(0)?
21
Let m(b) = -14*b - 57. What is m(-9)?
69
Let f(w) = 2*w**2 - 92*w + 385. Determine f(44).
209
Let y(o) = 833*o - 10765. Calculate y(13).
64
Let j(w) = -2*w**3 + 62*w**2 + 5*w - 180. Calculate j(31).
-25
Let f(p) = 4*p**2 - 90*p - 1089. Determine f(31).
-35
Let j(b) = 18*b + 445. What is j(-25)?
-5
Let n(g) = 2*g**2 + 56*g + 400. Determine n(-14).
8
Let h(a) = -a**2 + 16*a + 17. Determine h(7).
80
Let p(d) = d**2 + 59*d + 234. Calculate p(-4).
14
Let t(k) = 6*k**3 - 56*k**2 - 27*k - 123. Give t(10).
7
Let t(p) = p**2 + 183*p + 5183. Calculate t(-148).
3
Let w(r) = r**2 + 39*r - 55. Give w(-41).
27
Let i(d) = -16*d**2 - 2*d + 16. What is i(-2)?
-44
Let r(w) = 980*w - 1950. Calculate r(2).
10
Let z(m) = -m**3 + 2*m**2 + 5*m + 12. Determine z(3).
18
Let a(r) = r**3 - 51*r**2 - 97*r - 432. What is a(53)?
45
Let r(q) = -q**3 - 10*q**2 - 6*q + 21. Give r(-8).
-59
Let k(c) = c**3 + 7*c**2 - 2*c - 15. Calculate k(-11).
-477
Let n(j) = j**3 - 8*j**2 - 3*j + 69. Give n(9).
123
Let t(b) = 10*b**2 - 41*b + 26. Give t(5).
71
Let h(y) = -y**3 + 40*y**2 - 368*y - 33. Give h(26).
-137
Let z(k) = -3*k**2 + 96*k - 33. Determine z(28).
303
Let h(k) = -1986*k + 3975. What is h(2)?
3
Let h(u) = 346*u - 1728. Determine h(5).
2
Let k(w) = w**3 - 26*w**2 + w - 33. Determine k(26).
-7
Let s(a) = -1435*a - 1. Calculate s(0).
-1
Let q(